the prime factors of y.
37
Suppose -3*k + 2*t = -546, -3*k + 3*t + 254 = -295. What are the prime factors of k?
2, 3, 5
Suppose -5*q + 21 - 5 = 2*j, -8 = -4*q - 4*j. Suppose -32 + 4 = -q*z. List the prime factors of z.
7
Let v(g) = g - 6. Let u be v(6). Suppose t = 0, u*t - t + 140 = 2*h. Suppose -3*o - 2*o = -h. What are the prime factors of o?
2, 7
Suppose -6*k = -9*k + 417. What are the prime factors of k?
139
Suppose -5*g + u + 350 = 0, 2*g - 158 = -0*g + 4*u. What are the prime factors of g?
3, 23
Suppose 0*g + 4 = 2*g. Suppose -3*b + g = -10. List the prime factors of b.
2
Let k(a) be the first derivative of a**4/4 - 2*a**3/3 + 3*a**2/2 + 2. What are the prime factors of k(2)?
2, 3
Suppose 3*x - 5*d = 25, 5*x + 0*d = -3*d - 15. Let b = x - -3. What are the prime factors of b?
3
Suppose 0 = -2*r - 24 - 14. Let h = 23 + r. List the prime factors of h.
2
Let k(t) = 2*t**2 - 11*t + 3. Let l be k(5). Let d be (1 + (-6)/4)*-2. What are the prime factors of 8/d + (-4)/l?
2, 5
What are the prime factors of (-430)/(-6) + 3/(45/(-10))?
71
Suppose -3*x + 4 = -x. Let u(p) = -p**2 + 2. Let s be u(x). Let c = s + 13. What are the prime factors of c?
11
Let h(o) = o**3 - 3*o**2 - 3*o + 4. Let m(g) = g**2 - 6*g - 3. Let p be m(7). What are the prime factors of h(p)?
2
Let c = -6 - -38. What are the prime factors of c?
2
Let m = 54 - 1. List the prime factors of m.
53
Let o = -439 + 669. What are the prime factors of o?
2, 5, 23
Let h(a) = a**2 + 12*a - 14. Let o be h(-16). Suppose t + 4*t - 55 = -4*c, -5*t - 3*c + o = 0. What are the prime factors of t?
7
Let l = 2 + 23. Let j = l - 14. List the prime factors of j.
11
Suppose -2*h = 3*u - 22, -3*h + 5*h = 4. Let c = u - 4. List the prime factors of (3*c)/(12/40).
2, 5
Suppose -n + 3*h = -2*n + 106, 4*n = -5*h + 417. What are the prime factors of n?
103
What are the prime factors of -3 - (-34)/(-1 + 2)?
31
Suppose 120 = 3*w + w. List the prime factors of w.
2, 3, 5
Let q be (-2)/(-8) + 55/20. Suppose q - 11 = 2*f. What are the prime factors of ((-6)/f)/(9/30)?
5
Suppose m - 4*n - 5 - 5 = 0, -32 = -5*m + 2*n. Let a(v) = -v**3 + 8*v**2 - 4*v - 3. Let u be a(m). Suppose 5*f - u = 15. What are the prime factors of f?
2, 3
Let w(a) = a**2 + 12*a + 5. Let g(k) = -2*k**2 - 23*k - 10. Let i(o) = 3*g(o) + 5*w(o). List the prime factors of i(-7).
3
Suppose 3*n = 2*n - 3. List the prime factors of 6*(-1 - 7/n).
2
Let a(j) = -4*j + 2. Let r be a(5). Let c = 21 + r. List the prime factors of c.
3
Let x be -1 + -1*5*-1. Suppose x*g + 5*y + 68 = 0, g + 20 = -g + y. List the prime factors of (g/(-15))/((-3)/(-15)).
2
Suppose 6*d - 3*d - 9 = 0. Suppose -2*n + 31 + d = 0. List the prime factors of n.
17
Let v(t) = t**2 + 4. Let g be v(0). Suppose 2*p = g*p - 14. Let x = p + 0. What are the prime factors of x?
7
Let q(o) = -25*o - 1. List the prime factors of q(-1).
2, 3
Suppose -g + 9 = 2*g. Suppose -5*a = g*z - 31, -25 = -3*z - a - a. List the prime factors of z.
7
Suppose 0*f - 54 = -2*f. Let k = -14 + f. List the prime factors of k.
13
What are the prime factors of (12 + -4)/(4/18)?
2, 3
Let y = -11 - -27. Suppose -x + y = -2. List the prime factors of x.
2, 3
Let l be 0 + 2 + 9 + -5. What are the prime factors of (-52)/l*30/(-20)?
13
Let s = 95 - 44. List the prime factors of s.
3, 17
Let m be 4/(-18) - (-281)/9. Let v = m + -15. What are the prime factors of v?
2
Let x = -410 - -622. List the prime factors of x.
2, 53
Let y(p) = 39*p**2 + 1. List the prime factors of y(-1).
2, 5
Let r = 285 - 166. List the prime factors of r.
7, 17
Let c(x) = -x**2 - 10*x + 13. Let k be c(-11). Suppose -k*l + 108 = l. What are the prime factors of l?
2, 3
Suppose 3*d = d + 78. List the prime factors of d.
3, 13
Suppose y + 25 = -r, 0 = -y + 3*r + r - 50. What are the prime factors of 200/y*(1 - 4)?
2, 5
Let m = 260 + -150. List the prime factors of m.
2, 5, 11
Let w(s) = -2*s - 12. Let d be ((-7)/(-2))/((-2)/4). List the prime factors of w(d).
2
Suppose 0 = h - 4*q + q + 1, -4*q + 14 = 5*h. Let k = -2 + h. Suppose 2*t + m = 22, -5*t - m = -k*t - 58. What are the prime factors of t?
2, 3
Suppose -4*y + 2*z = -12, -2*y - 4*z = -0*y - 6. Let x be 2 + 13 + (-1 - 1). Suppose -4*d + 23 = 3*l, -2*d + y*l - x = -d. What are the prime factors of d?
2
Suppose -l + u + 2 = 0, -2*l = 5*u + 16 + 1. List the prime factors of ((-2)/l)/(4/88).
2, 11
Suppose -2*p + 7 + 3 = 0. Suppose 3*l - p*a = 73, -4*a + 28 = 6*l - 3*l. What are the prime factors of 2/2 + 0 + l?
17
Let i(r) = r**2 - 12*r - 13. Let v be i(13). Suppose v = j - 2*j. Suppose -2*t - 5*u - 9 = j, -t = 4*u + 13 - 1. List the prime factors of t.
2
Suppose -3*q + 75 = -0*q. List the prime factors of q.
5
Suppose -h + 10 = 2*t + 3*t, 3*h + 4 = 2*t. Suppose t*s - 66 = -0*s. List the prime factors of s.
3, 11
Let t(w) = 7*w**2 - 5*w + 7. Let u(p) be the first derivative of -2*p**3 + 2*p**2 - 6*p + 2. Let h(v) = -5*t(v) - 6*u(v). What are the prime factors of h(-3)?
7
What are the prime factors of (-20 + 3)/((-3)/6)?
2, 17
Let x(h) be the first derivative of h**4/4 - 2*h**3/3 - h**2/2 - h - 2. Suppose 3*s - 3*v = 9, 4*s - v - 20 + 8 = 0. List the prime factors of x(s).
5
Let i be 124/9 - (-4)/18. Suppose -5*l = -11 - i. Suppose -5 = l*z + 5*o, 3*z - 3*o + 0 - 21 = 0. List the prime factors of z.
3
Let d = -3 - -32. List the prime factors of d.
29
Suppose -3*w + 3*h = 4*h - 13, 35 = 5*w - 5*h. Suppose c + 47 = 3*r, 3*c - 24 + w = -r. Let z = -11 + r. List the prime factors of z.
5
Let p(k) = k**3 - k. Let j(v) = -3*v**3 + 6*v**2 - 2*v + 5. Let f(x) = -j(x) - 4*p(x). What are the prime factors of f(-7)?
2
Let y(f) = -f - 9. Let i be y(-9). Suppose 0 = -i*a + 2*a + 2. List the prime factors of -1*(-2 - a)*6.
2, 3
Let u(i) = 33*i**2 - 3*i + 2. What are the prime factors of u(1)?
2
Suppose 0 = -n + 3*x + 28, 4*n + 2*x = 7*x + 119. Suppose 3*m - n = 2. List the prime factors of m.
11
Let m(z) = z**2 - 17*z + 12. Let b be m(17). Suppose -b = 7*d - 9*d. What are the prime factors of d?
2, 3
Let d(n) = 5*n**2 + 2*n - 2. What are the prime factors of d(3)?
7
Let b(l) = 3*l**2 + 6*l + 12. What are the prime factors of b(6)?
2, 3, 13
Let w be (6/4)/((-2)/(-4)). Suppose 2*k - 50 = -w*k. List the prime factors of 24/k - (-9)/15.
3
Suppose -3*f + 4*j - 2*j + 3 = 0, 3*f + 5*j - 3 = 0. Let t = f - -1. Let a(n) = -n**3 + 4*n**2 + n + 1. List the prime factors of a(t).
11
Let c be (-32)/14 - 4/(-14). What are the prime factors of (-27)/c + 2/4?
2, 7
Suppose -l + 280 = 76. List the prime factors of l.
2, 3, 17
Let h = 107 + -57. List the prime factors of h.
2, 5
List the prime factors of -3*(8/(-12) - 3).
11
Let f = 15 - 11. Let k(l) be the second derivative of -l**3/6 + 3*l**2 - l. What are the prime factors of k(f)?
2
Suppose 3 - 168 = -3*q. What are the prime factors of q?
5, 11
Let n = 92 + -66. Suppose n = 4*r - 2*c + 10, -5*r - 3*c + 20 = 0. Suppose -3*x + 5*x = -3*w - 1, r*x + 26 = 2*w. What are the prime factors of w?
3
Suppose 0 = 3*q + 2*q - 105. Suppose 5*f + 4 = -q. What are the prime factors of ((-28)/(-10))/((-1)/f)?
2, 7
Let y be (-50)/8 + 2/8. Let r = -9 - y. Let w = r - -9. What are the prime factors of w?
2, 3
Let i(a) be the second derivative of -5*a**3/6 + 7*a**2/2 + 2*a. Let z be i(-6). Suppose -5*r + 23 = -z. What are the prime factors of r?
2, 3
Let y(w) = -6*w. Let s be y(-2). Suppose -42 = -4*a + 5*l, -l - s = -a + l. What are the prime factors of a?
2
Let i = -6 - -4. Let p = 1 + i. Let w = 11 + p. What are the prime factors of w?
2, 5
What are the prime factors of (187/55)/(2/10)?
17
Let y = 21 + -19. Suppose y*m = -8, -4*g - g = 2*m - 67. What are the prime factors of g?
3, 5
Let z(m) = -m**3 + 5*m**2 + 8*m + 4. Let w be z(6). Let s be (w/(-20))/(2/15). Let o = s - -18. List the prime factors of o.
2, 3
Let y = 1 - -2. Let i be (2/5)/((-1)/(-5)). Suppose -i*t - y*t = -25. What are the prime factors of t?
5
Let a = 19 - 13. Let l(c) = -c. Let z be l(-4). Suppose -z*n + 22 = a. List the prime factors of n.
2
Let w = 15 + -10. Suppose 0 = -5*c, c + c + 120 = w*u. Suppose -k + u = 4*d, 0*k + d = k - 14. List the prime factors of k.
2
Let h = -16 - -9. Let v(s) be the first derivative of -s**2 - 7*s - 3. List the prime factors of v(h).
7
List the prime factors of -871*2/(-22) + 12/(-66)